{"id":209,"date":"2024-09-09T13:35:56","date_gmt":"2024-09-09T13:35:56","guid":{"rendered":"http:\/\/netzwerk-nachhaltige-wissenschaft.de\/?page_id=209"},"modified":"2024-10-10T12:38:44","modified_gmt":"2024-10-10T12:38:44","slug":"ueber-uns-gruendungsgeschichte","status":"publish","type":"page","link":"https:\/\/netzwerk-nachhaltige-wissenschaft.de\/?page_id=209","title":{"rendered":"Gr\u00fcndungsgeschichte"},"content":{"rendered":"\n<p>Als das Bundesministerium f\u00fcr Bildung und Forschung (BMBF) im M\u00e4rz 2023 seinen ersten halbherzigen Entwurf f\u00fcr eine Reform des Wissenschaftszeitvertragsgesetzes (WissZeitVG) vorlegte, formierte sich spontaner Protest \u2013 auch unter Professor*innen, von denen sich viele mit den befristet besch\u00e4ftigten Mitarbeitenden solidarisch erkl\u00e4rten. Zwei entsprechende Erkl\u00e4rungen der #profsfuerhanna wurden rasch von \u00fcber dreitausend bzw. \u00fcber tausend Unterzeichnenden unterst\u00fctzt. Im Nachgang entwickelten Beteiligte die Idee, kontinuierlich auf Verbesserungen im deutschen Hochschulsystem hinzuwirken, in dem nicht nur die Besch\u00e4ftigungsverh\u00e4ltnisse \u00fcberreif f\u00fcr Reformen sind.<\/p>\n\n\n\n<p>In einer Reihe von Online-Treffen \u2013 aus denen im M\u00e4rz 2024 auch eine weitere Erkl\u00e4rung zum weiterhin nicht verbesserten WissZeitVG-Reformentwurf hervorging \u2013 entstand der Impuls f\u00fcr ein eigenes Netzwerk, das zu hochschulpolitischen Fragen andere Positionen vertritt als etwa die Hochschulrektorenkonferenz, der Deutsche Hochschullehrerverband oder auch das Netzwerk Wissenschaftsfreiheit: f\u00fcr langfristige Besch\u00e4ftigungsverh\u00e4ltnisse, f\u00fcr demokratisierte Strukturen, gegen \u00fcberhitzten Projekt- und Publikationswettbewerb, gegen den Machtmissbrauch, die T\u00e4uschungskultur und die Verschwendung, die in solchen Kontexten gedeihen.<\/p>\n\n\n\n<p>An diesem Gr\u00fcndungsprozess waren viele Kolleg*innen, die \u00fcberwiegend schon l\u00e4nger hochschulpolitisch aktiv sind, mit vielen guten Ideen beteiligt. Auf einem ersten Treffen in Leipzig Ende April 2024 haben wir dann gemeinsame Positionen erarbeitet, Sprecher*innen gew\u00e4hlt und \u00fcber eine Webseite gesprochen; in weiteren Treffen wurden die verschriftlichten Grunds\u00e4tze, die Wahlen und der inzwischen gefundene Name des Netzwerks best\u00e4tigt, und dank Kilu von Prince konnten wir die Webseitenideen umsetzen. Seither bestehen und wachsen wir. Die Beteiligten der ersten Stunde bzw. Monate waren:<\/p>\n\n\n\n<ul class=\"wp-block-list\">\n<li>Thomas Bedorf<\/li>\n\n\n\n<li>Bj\u00f6rn Brembs (nicht Mitglied im Netzwerk)<\/li>\n\n\n\n<li>Silke van Dyk<\/li>\n\n\n\n<li>Lars Gertenbach<\/li>\n\n\n\n<li>Sabine Hark<\/li>\n\n\n\n<li>Julia Herzberg<\/li>\n\n\n\n<li>Christina H\u00f6lzel<\/li>\n\n\n\n<li>Kai Koddenbrock<\/li>\n\n\n\n<li>Andrea K\u00fcbler<\/li>\n\n\n\n<li>Daniel Leising<\/li>\n\n\n\n<li>Lisa Malich<\/li>\n\n\n\n<li>Ruth Mayer<\/li>\n\n\n\n<li>Katharina Meinecke<\/li>\n\n\n\n<li>Kilu von Prince<\/li>\n\n\n\n<li>Malte Rehbein<\/li>\n\n\n\n<li>Tilman Reitz<\/li>\n\n\n\n<li>Tobias Rosefeldt<\/li>\n\n\n\n<li>Florian Sprenger<\/li>\n\n\n\n<li>J\u00f6rg Str\u00fcbing<\/li>\n\n\n\n<li>Paula-Irene Villa Braslavsky<\/li>\n\n\n\n<li>Friedemann Vogel<\/li>\n\n\n\n<li>Frieder Vogelmann<\/li>\n\n\n\n<li>Katharina Wesselmann<\/li>\n\n\n\n<li>Marina Winkler<\/li>\n\n\n\n<li>Christiane Zehrer<\/li>\n<\/ul>\n","protected":false},"excerpt":{"rendered":"<p>Als das Bundesministerium f\u00fcr Bildung und Forschung (BMBF) im M\u00e4rz 2023 seinen ersten halbherzigen Entwurf f\u00fcr eine Reform des Wissenschaftszeitvertragsgesetzes (WissZeitVG) vorlegte, formierte sich spontaner Protest \u2013 auch unter Professor*innen, von denen sich viele mit den befristet besch\u00e4ftigten Mitarbeitenden solidarisch erkl\u00e4rten. Zwei entsprechende Erkl\u00e4rungen der #profsfuerhanna wurden rasch von \u00fcber dreitausend bzw. \u00fcber tausend Unterzeichnenden [&hellip;]<\/p>\n","protected":false},"author":3,"featured_media":0,"parent":0,"menu_order":0,"comment_status":"closed","ping_status":"closed","template":"","meta":{"footnotes":""},"class_list":["post-209","page","type-page","status-publish","hentry"],"_links":{"self":[{"href":"https:\/\/netzwerk-nachhaltige-wissenschaft.de\/index.php?rest_route=\/wp\/v2\/pages\/209","targetHints":{"allow":["GET"]}}],"collection":[{"href":"https:\/\/netzwerk-nachhaltige-wissenschaft.de\/index.php?rest_route=\/wp\/v2\/pages"}],"about":[{"href":"https:\/\/netzwerk-nachhaltige-wissenschaft.de\/index.php?rest_route=\/wp\/v2\/types\/page"}],"author":[{"embeddable":true,"href":"https:\/\/netzwerk-nachhaltige-wissenschaft.de\/index.php?rest_route=\/wp\/v2\/users\/3"}],"replies":[{"embeddable":true,"href":"https:\/\/netzwerk-nachhaltige-wissenschaft.de\/index.php?rest_route=%2Fwp%2Fv2%2Fcomments&post=209"}],"version-history":[{"count":3,"href":"https:\/\/netzwerk-nachhaltige-wissenschaft.de\/index.php?rest_route=\/wp\/v2\/pages\/209\/revisions"}],"predecessor-version":[{"id":323,"href":"https:\/\/netzwerk-nachhaltige-wissenschaft.de\/index.php?rest_route=\/wp\/v2\/pages\/209\/revisions\/323"}],"wp:attachment":[{"href":"https:\/\/netzwerk-nachhaltige-wissenschaft.de\/index.php?rest_route=%2Fwp%2Fv2%2Fmedia&parent=209"}],"curies":[{"name":"wp","href":"https:\/\/api.w.org\/{rel}","templated":true}]}}

Gründungsgeschichte

<p>Als das Bundesministerium für Bildung und Forschung (BMBF) im März 2023 seinen ersten halbherzigen Entwurf für eine Reform des Wissenschaftszeitvertragsgesetzes (WissZeitVG) vorlegte, formierte sich spontaner Protest – auch unter Professor*innen, von denen sich viele mit den befristet beschäftigten Mitarbeitenden solidarisch erklärten. Zwei entsprechende Erklärungen der #profsfuerhanna wurden rasch von über dreitausend bzw. über tausend Unterzeichnenden unterstützt. Im Nachgang entwickelten Beteiligte die Idee, kontinuierlich auf Verbesserungen im deutschen Hochschulsystem hinzuwirken, in dem nicht nur die Beschäftigungsverhältnisse überreif für Reformen sind.</p>



<p>In einer Reihe von Online-Treffen – aus denen im März 2024 auch eine weitere Erklärung zum weiterhin nicht verbesserten WissZeitVG-Reformentwurf hervorging – entstand der Impuls für ein eigenes Netzwerk, das zu hochschulpolitischen Fragen andere Positionen vertritt als etwa die Hochschulrektorenkonferenz, der Deutsche Hochschullehrerverband oder auch das Netzwerk Wissenschaftsfreiheit: für langfristige Beschäftigungsverhältnisse, für demokratisierte Strukturen, gegen überhitzten Projekt- und Publikationswettbewerb, gegen den Machtmissbrauch, die Täuschungskultur und die Verschwendung, die in solchen Kontexten gedeihen.</p>



<p>An diesem Gründungsprozess waren viele Kolleg*innen, die überwiegend schon länger hochschulpolitisch aktiv sind, mit vielen guten Ideen beteiligt. Auf einem ersten Treffen in Leipzig Ende April 2024 haben wir dann gemeinsame Positionen erarbeitet, Sprecher*innen gewählt und über eine Webseite gesprochen; in weiteren Treffen wurden die verschriftlichten Grundsätze, die Wahlen und der inzwischen gefundene Name des Netzwerks bestätigt, und dank Kilu von Prince konnten wir die Webseitenideen umsetzen. Seither bestehen und wachsen wir. Die Beteiligten der ersten Stunde bzw. Monate waren:</p>



<ul class="wp-block-list">
<li>Thomas Bedorf</li>



<li>Björn Brembs (nicht Mitglied im Netzwerk)</li>



<li>Silke van Dyk</li>



<li>Lars Gertenbach</li>



<li>Sabine Hark</li>



<li>Julia Herzberg</li>



<li>Christina Hölzel</li>



<li>Kai Koddenbrock</li>



<li>Andrea Kübler</li>



<li>Daniel Leising</li>



<li>Lisa Malich</li>



<li>Ruth Mayer</li>



<li>Katharina Meinecke</li>



<li>Kilu von Prince</li>



<li>Malte Rehbein</li>



<li>Tilman Reitz</li>



<li>Tobias Rosefeldt</li>



<li>Florian Sprenger</li>



<li>Jörg Strübing</li>



<li>Paula-Irene Villa Braslavsky</li>



<li>Friedemann Vogel</li>



<li>Frieder Vogelmann</li>



<li>Katharina Wesselmann</li>



<li>Marina Winkler</li>



<li>Christiane Zehrer</li>
</ul>

<p>Als das Bundesministerium für Bildung und Forschung (BMBF) im März 2023 seinen ersten halbherzigen Entwurf für eine Reform des Wissenschaftszeitvertragsgesetzes (WissZeitVG) vorlegte, formierte sich spontaner Protest – auch unter Professor*innen, von denen sich viele mit den befristet beschäftigten Mitarbeitenden solidarisch erklärten. Zwei entsprechende Erklärungen der #profsfuerhanna wurden rasch von über dreitausend bzw. über tausend Unterzeichnenden [&hellip;]</p>
